n factor of u and h.
10
Suppose v = 5*u - 276, -3*u + 4*v - v + 156 = 0. What is the greatest common factor of 140 and u?
28
Let k(f) = f**2 - 2*f - 18. Let y be k(14). What is the greatest common factor of 30 and y?
30
Suppose -4*i + 69 = d, 7*d - 4*d = 5*i - 65. Suppose o - 2*u = -u + 21, -2*o = -u - 37. What is the highest common divisor of o and i?
16
Let w = 3 - -1. Let j be (-3)/((-9)/w)*84. Calculate the highest common divisor of j and 16.
16
Suppose 3*h - 60 = 5*m, 4*m + m - 2*h = -55. Suppose 5*b - 35 = 3*y + 79, -5*b + 117 = -4*y. Let w = m + b. Calculate the greatest common divisor of w and 96.
12
Let b = 17 + -1. What is the highest common factor of 16 and b?
16
Let c be 2 - -2*19/2. Suppose -5*r + 3 = -4*z, 4*z - 2*r + 5*r = c. Let k = -42 + 75. Calculate the greatest common factor of k and z.
3
Let y = -7 - 1. Let u = y + 13. Let p = u + -4. What is the greatest common factor of p and 2?
1
Let f be (-4)/(2 - 40/18). Suppose -2 = -5*p + 8. Calculate the highest common factor of p and f.
2
Let a(x) = x**2 - 4*x + 2. Let o(n) = -1. Let v(z) = 2*a(z) - 4*o(z). Let d be v(8). Calculate the greatest common divisor of d and 12.
12
Suppose -k + 0*k + 28 = 0. Let z be ((-516)/48)/(1/4). Let q = z - -113. What is the greatest common factor of q and k?
14
Suppose -x + 0 + 7 = 3*k, 0 = -4*x - 2*k + 18. Suppose 3*u - 2*m = 42, -2*u - 4*m = u - 60. What is the greatest common factor of u and x?
4
Let w be (1 - 379)/(3/(-2)). What is the highest common divisor of w and 28?
28
Let n = -1 - -4. Suppose v + 90 = n*v. Let d = 8 + -3. Calculate the highest common divisor of v and d.
5
Let n(a) = a**3 + 11*a**2 + 17*a - 14. Let c be n(-8). Calculate the highest common divisor of 42 and c.
42
Let w(s) = s + 60. Let n be w(0). Let p = -5 - -5. Suppose 2*l + 2*l - 48 = p. What is the highest common divisor of l and n?
12
Let a be 3*1 + (-12)/4. Let g(b) = b + 99. Let p be g(a). Suppose 0 = 3*r - 6*r + w + 22, 61 = 4*r + 5*w. Calculate the greatest common divisor of p and r.
9
Let j(m) = -3 + 3*m + m**2 + 7*m**2 - m. Let h be j(-5). Suppose 0 = 4*n + 2 - 70. What is the greatest common factor of n and h?
17
Suppose -2*g - 3 = -5*g. What is the greatest common factor of g and 11?
1
Let n = 7 + -6. Let d = 4 - n. Calculate the greatest common factor of 24 and d.
3
Suppose -3*b + 15 = -3*k, -4*b - 5*k + 2 = -0. Suppose -2*c + 33 = 5*t - 51, -9 = b*c. What is the greatest common divisor of 12 and t?
6
Let p(k) = -4*k - 4. Let l be p(-4). Let d = l + 0. What is the greatest common factor of 12 and d?
12
Suppose 4*h - 5*v = 36, 2*v = 3*h - 3*v - 22. What is the greatest common factor of h and 42?
14
Suppose o - g - 11 = 0, 0 = o - 0*o + 5*g - 17. Calculate the highest common divisor of o and 8.
4
Suppose -5*n - 5*u + 200 = 0, 3*n - 30 = 2*n + u. Calculate the greatest common divisor of n and 315.
35
Suppose 0*o = 5*f - o - 287, 4*o = 5*f - 293. Calculate the greatest common divisor of 38 and f.
19
Let z = 0 - -2. Suppose 22 = z*p - 6. Calculate the greatest common factor of p and 126.
14
Suppose 8 = -4*b, 0*n - 4*b + 4 = -2*n. Let g = n - -7. Suppose 0 = i + 4*i - 5*r - 5, 2*i = -4*r + 8. What is the greatest common divisor of i and g?
1
Let r(q) = -25*q + 1. Let m be r(-1). What is the greatest common divisor of m and 130?
26
Suppose -37 = l - 2*l. What is the highest common factor of l and 296?
37
Suppose -t = 4*t - 280. Let a(l) = l - 1. Let d be a(8). What is the highest common factor of d and t?
7
Let m(z) = z**3 + 10*z**2 - 14*z - 8. Let k be m(-11). What is the highest common divisor of 5 and k?
5
Let w = -16 - -26. Suppose -2*d + 16 = -4*s, -24 + 8 = -3*d + 4*s. Suppose -5*b = 3*c - c - 180, d = 2*b. Calculate the highest common factor of w and c.
10
Let i = 1 + -1. Let v(o) = 12 - 4*o**2 + 2*o**2 + o**2. Let b be v(i). What is the highest common factor of b and 96?
12
Let d be (17 - 3/3)*1. Let a = 28 - d. What is the greatest common divisor of 36 and a?
12
Suppose -5*c = -2*c - s - 297, 0 = 5*s. Calculate the greatest common divisor of 33 and c.
33
Let a(u) = -u**2 - 13*u - 10. Let y be a(-9). Suppose -6*d + 1188 + 216 = 0. Calculate the highest common divisor of y and d.
26
Let y be (6/4)/((-6)/(-16)). Suppose 3*h - 16 = -h. Calculate the highest common divisor of y and h.
4
Suppose -g = -2*i + 14, -2*i = 3*g - 15 + 1. What is the highest common divisor of 133 and i?
7
Let q = -5 + 7. Let d be (4/(-8))/(q/(-28)). What is the highest common divisor of 49 and d?
7
Suppose -2*t + 117 = 2*c - 297, 2*t = -c + 417. What is the greatest common factor of 30 and t?
30
Let l = 4 - 2. Suppose -3*i + l*j = -188, -5*i - 3*j = -4*i - 70. What is the greatest common factor of 8 and i?
8
Suppose -l - 9 = -180. Suppose 0 = 17*t - 147 - 176. What is the highest common divisor of t and l?
19
Suppose c - 2*i = -52, 5*c - 3*i = -8*i - 290. Let p = -34 - c. Calculate the greatest common divisor of p and 110.
22
Suppose 195 = -6*d + 3*d + j, -2*d - 130 = -4*j. Let x = d + 121. Calculate the greatest common factor of 14 and x.
14
Suppose 4*y = 2*y + 96. Suppose -7*l + 4*l = -y. Calculate the highest common divisor of 4 and l.
4
Suppose -4*s = -3*i + 72, i = -5*s - 2 + 45. Let z = -14 + i. What is the greatest common factor of z and 70?
14
Let v(z) = z**2 - z - 5. Let s be v(-10). Calculate the greatest common factor of s and 21.
21
Suppose -690 + 130 = -5*t. Suppose 2*p - p = 14. What is the greatest common factor of t and p?
14
Let g = -3 + 8. Let l be 42/8 - 6/24. Calculate the highest common factor of g and l.
5
Suppose x + 4*x = 200. Suppose -x = -3*o + 2*o. Calculate the greatest common factor of o and 8.
8
Let y(l) = -6*l**3 + 3*l**2 + l - 2. Let r be y(-2). Let o = -15 + 29. Calculate the highest common factor of r and o.
14
Suppose 3*c + 15 = -18. Let s(m) = m + 17. Let o be s(c). What is the greatest common factor of 30 and o?
6
Let t be 1 - (-3 - (-4 - -2)). Let l = 13 - t. What is the greatest common factor of 44 and l?
11
Suppose 0 = -5*a + 75. Calculate the highest common divisor of 30 and a.
15
Suppose -5*w - d + 14 = 0, -3*w + w - 4*d = -20. What is the greatest common divisor of 4 and w?
2
Let l = 8 - -6. Let r(t) = 7*t**2 + 9*t + 6. Let o be r(-3). What is the highest common divisor of l and o?
14
Let b be 322/6 - (-2)/6. Calculate the greatest common divisor of b and 90.
18
Let y(w) = w**2. Let s(r) = -r**3 - 4*r**2 + 1. Let f(u) = s(u) + y(u). Let t be f(-4). Calculate the highest common divisor of 170 and t.
17
Let y = -19 - -340. Suppose 0*q = -5*q. Suppose q = 2*v - 5*u - y + 20, u - 283 = -2*v. What is the greatest common divisor of v and 13?
13
Suppose -4*d + 4*h = d - 102, h - 69 = -4*d. Calculate the highest common divisor of 6 and d.
6
Suppose 5*s - 5 = -0*s. Calculate the highest common divisor of s and 1.
1
Let d(j) = 7*j**2 - j + 2. Let m be d(-3). What is the highest common factor of m and 34?
34
Let b(z) = 36*z**3 - z**2 - 2*z + 3. Let q be b(1). Calculate the highest common factor of q and 108.
36
Suppose 0 = -2*o - 4*k - 24, 4*k + 8 = -4. Let t be o + 4 + (0 - 0). Let r be (-4)/(-6)*3 - t. Calculate the greatest common factor of r and 8.
4
Let w be 10/((6/(-16))/(-3)). What is the greatest common divisor of w and 32?
16
Suppose -4*x - 22 + 2 = 0, -3*x - 57 = -3*a. Let y(d) = 3*d**2 - 7*d + 2. Let i be y(-5). Calculate the greatest common divisor of a and i.
14
Suppose 0 = -c + 4, 7*k - c = 2*k + 6. Let g(u) = 4*u + 5*u**k + 6 - 5*u**2 + u**2. Let q be g(-4). What is the highest common divisor of 54 and q?
6
Suppose -k - 4*q + 40 + 0 = 0, -75 = -5*k + 5*q. What is the highest common divisor of k and 8?
4
Suppose -258 = -5*s - 78. Calculate the highest common divisor of s and 9.
9
Let y be (0 + -1)/(-1)*15. Let d = -10 - -22. Let x be 366/d - (-1)/(-2). Calculate the highest common divisor of y and x.
15
Let u be (3 + -2)/(4/56). What is the greatest common divisor of u and 63?
7
Let w = -2 - -8. Let m = w + 8. What is the greatest common factor of m and 126?
14
Let f(a) = a**2 - 10*a + 5. Let k be f(5). Let h be (-36)/15*k/6. What is the highest common factor of 64 and h?
8
Suppose -270 = -2*f - 4*f. What is the greatest common divisor of 180 and f?
45
Suppose -a - 2*a = -72. Suppose 2*g = 2*q - 4, -q = 3*g - 7*g + 1. Suppose -2*s = -d